-953 + 1063. What is the hundreds digit of m?
1
Let a(c) = c**3 + 7*c**2 - 6*c - 7. Suppose -3*g - 3 + 12 = 0. Suppose -g*k = 2*k + 35. What is the tens digit of a(k)?
3
Let s be ((-2)/(-4))/(14 + (-4048)/288). Suppose 85 = 4*i + 5*c, -2*i + c - 22 = -3*i. Let o = s + i. What is the units digit of o?
6
Let s be ((-16)/4 - -2)*70. Let b = 217 + s. What is the units digit of -2 + -1 + (b - -2)?
6
Suppose -2*p - 3*p = 4*s, 2*p = 4*s + 28. Let t be 16 + p*(0 - 1). Let y = 41 - t. What is the tens digit of y?
2
Suppose 5*v = -14*v + 9595. What is the units digit of v?
5
Let f be (-4)/(-14) - 10557/(-119). Suppose -4*i = -2 - 10, 4*q - i = 9. Suppose f = 5*p + l, -l = -4*p + q*p + 19. What is the tens digit of p?
1
Suppose -c - 4 = 2*c - 4*n, 0 = 4*n - 4. Suppose c*k = -3*k - 12, -2*k = 5*v - 572. What is the hundreds digit of v?
1
Suppose 7*u - 153 = -2*u. Let t(s) = 2*s**2 - 33*s + 14. What is the units digit of t(u)?
1
Let r(y) = y**3 + y + 5. Let i be r(0). Suppose -5*x - 1 = -4*x + 2*v, -2*x + i*v = -34. What is the units digit of x?
7
Let n(t) = 64*t**2 - 6. What is the hundreds digit of n(2)?
2
Let i(u) = u**3 - 24*u**2 + 24*u - 31. Let l be i(23). Let y(d) = d**3 + 9*d**2 - 5*d - 8. What is the units digit of y(l)?
6
Suppose 2*y + 9 + 5 = 0. Let s(a) = a**3 + 6*a**2 - 8*a - 3. Let q be s(y). Suppose -4*i - r = -86, 30 = 2*i + 5*r - q. What is the units digit of i?
2
Let p(h) = h**3 + 3*h + 1420. Let b be p(0). Suppose 5*f - 5*y + y - b = 0, -f + 265 = 3*y. What is the tens digit of f?
8
Let s(j) = 5*j - 8. Let p be s(-4). Let t be (-3)/5 - p/5. Suppose 0*h - 5*h - 9 = -3*w, t*w - 55 = -5*h. What is the units digit of w?
8
Let w(o) = -6*o**2 - 5. Let c be w(2). Let k = 88 + c. What is the units digit of k?
9
Let b(p) = 1118*p + 24. What is the hundreds digit of b(1)?
1
What is the tens digit of 241*6 + 4/(18/9)?
4
Let b(j) = -74*j - 1. Let o be b(2). Let p = -74 - o. What is the tens digit of p?
7
Suppose -l + 2*z = -11, z = -3*l - 2*z - 3. Let w(n) = 4 + 7*n**l - 4*n - 3*n**2 - 6*n**3 - 1. What is the tens digit of w(5)?
3
Suppose 37*r - 1310 = 910. What is the tens digit of r?
6
Let i(m) = -2*m**3 - 45*m**2 + 15*m + 93. What is the hundreds digit of i(-23)?
2
Let g(f) be the first derivative of f**3/3 + 5*f**2 + 15*f - 20. What is the tens digit of g(-12)?
3
Let t(g) = g**2 + 5*g + 5. Let k be t(-5). Suppose j - k*j = 16, 3*j - 8 = -5*z. Suppose -22 = -d + h, -96 = -z*d - 0*h + 2*h. What is the units digit of d?
6
Let i be (-4 + (-160)/(-6))*-3. Let p = i + 114. What is the tens digit of p?
4
Suppose -3*r - 280 - 140 = 0. What is the units digit of 10/15 + r/(-6)?
4
Let s(q) be the third derivative of q**4/24 + 7*q**3 + 20*q**2. What is the units digit of s(0)?
2
Suppose -3*a = 4*q - 744, 2*a - 4*q - 687 = -171. What is the tens digit of a?
5
Let r be 2/((-2)/(-8)*4). Suppose 0 = 3*j + 2*j + r*u - 490, -2*j + 185 = 3*u. What is the units digit of j?
0
Let z = 1 - -1. What is the units digit of (-13)/(-2) - 1/z?
6
Let j(i) = i**3 + 10*i**2 - 4*i - 6. Let x be j(-6). Suppose x = -7*w + w. What is the units digit of (-4)/(-6)*w/(-6)?
3
Let v be 3*421*3/(-9). Let k = -145 - v. What is the tens digit of k?
7
Suppose -1705 = -5*o - 2*l, 5*o - 2*l = 19 + 1666. What is the tens digit of o?
3
Suppose g = -3*m + 154, 35 = 4*m + 2*g - 171. Suppose -m = -5*q + 64. What is the units digit of q?
3
Let l be (3 + (-48)/20)*10. What is the units digit of 2210/30 + 2/l?
4
Let q be (-16)/(-24) - 14/(-6). Suppose 4*i - 88 = -q*w - 0*w, -5*i = w - 22. What is the tens digit of w?
3
What is the hundreds digit of 615 - (7 + -1) - (0 + -2)?
6
Let w(q) = 187*q - 293. What is the units digit of w(15)?
2
Let w(f) = 8*f**2 - 4. Let c(y) = 2*y**2 + 2*y + 1. Let t be c(-2). What is the hundreds digit of w(t)?
1
Suppose -43*a = -37*a - 11418. What is the tens digit of a?
0
Suppose -2*u + 186 = -5*u. Let j be 2/(4 + 402/(-101)). Let r = j + u. What is the units digit of r?
9
Suppose -52*c - 4195 = -53*c + 3*i, -2*c - 3*i + 8354 = 0. What is the tens digit of c?
8
Let n be -3 - (-12 + 1 + 2). Suppose -9 = -5*t + n. Suppose -2*u - 103 = -2*h - t*h, -u = -2*h + 42. What is the tens digit of h?
1
Let t(m) = -m**3 + 10*m**2 + 7*m + 4. What is the units digit of t(10)?
4
Let d(r) = -r**3 - 15*r**2 + 14*r - 20. Suppose 48 = -2*f - f. What is the tens digit of d(f)?
1
Let m(z) = z**3 + 6*z**2 - 8*z + 3. Let l be m(-7). Suppose l = 5*j - 0*j. Suppose -j*d + 4*g = -3*d + 72, 5*d - 5*g = 260. What is the tens digit of d?
5
Let z(d) = -d**2 + 4*d + 3. Let j be z(4). Suppose j*o - 34 = -2*u, -u - 2 = 2*o - 19. What is the units digit of u?
7
Let t = -45 + 101. Suppose 4*g - t = -3*g. What is the units digit of g?
8
Let z(p) = -p**2 - 6*p - 1. Let u be z(-5). Suppose 2*s + 5*f - 101 = 0, -u*s + f = -46 - 189. What is the tens digit of s?
5
Let p = -41 - -40. What is the units digit of p*((-420)/4 + 4)?
1
Let o(v) = -4*v**3 - 2*v**2 - 4*v + 1. What is the units digit of o(-5)?
1
Let p = 67 + -63. Let d(z) = -z**3 - z**2 + z - 3. Let j be d(-3). Let o = p + j. What is the units digit of o?
6
Let h = -64 + 219. Let v = -89 + h. What is the tens digit of v?
6
Let t(x) = -21*x**3 + x**2 + x + 1. Let f be t(-1). Let b = f + -12. What is the units digit of (-197)/(-5) + 6/b?
0
Suppose -3*g - 7 - 2 = 0. Let j be (g/6 + 1)*0. What is the units digit of (-2)/4*(j + -24)?
2
Suppose 5*w = 4*w + 4. Suppose -k - 65 = -4*r + 48, 0 = w*r + 3*k - 125. What is the tens digit of r?
2
Suppose 703 = 5*t + 2*y, 5*y = -t + 35 + 124. What is the hundreds digit of t?
1
Let w(a) = a**2 - 5*a. Let x be w(6). Suppose 267 = x*o - 135. What is the units digit of o?
7
Suppose 13*b = 11*b + 144. Suppose 3*i = b + 315. What is the hundreds digit of i?
1
Suppose 0 = -z - 15 + 247. Let y = z - 119. What is the hundreds digit of y?
1
Let i = 159 - 60. Suppose -5*x = 5*j - 120, -14*x - i = -18*x - j. What is the tens digit of x?
2
Suppose 1249 + 345 = 3*t - 4*i, 15 = 3*i. What is the tens digit of t?
3
Let a(b) = b**3 + 11*b**2 + 11*b + 14. Let z be a(-10). Suppose -9*s + z*s = 0. Suppose 3*r - 1 - 34 = 5*p, -3*r - 2*p + 49 = s. What is the tens digit of r?
1
Let m = -4271 + 9645. What is the hundreds digit of m?
3
Let t = 20 - 20. Suppose t = -k - 2*k + 48. What is the units digit of k?
6
Let b(h) = h**2 - 2*h - 1. Let g be b(-1). Suppose -3*l = -g*l + 5*n - 35, 3*l - 4*n = 162. What is the units digit of l/2 + 8 + -5?
8
Let t(q) = 21*q**3 - 2*q**2 - 3*q + 2. Let u be t(2). Let k = u + -89. What is the tens digit of k?
6
Suppose 10 = -7*o + 9*o. Suppose -o*v + 17 + 193 = 0. What is the units digit of v?
2
Let w = 119 - 13. Let v = w - 44. What is the units digit of v?
2
Let w be 0 - (2 + -1 + 2 - -46). Let j = 152 + w. What is the units digit of j?
3
Let v(w) = -w**3 + 12*w**2 - 16*w + 66. What is the tens digit of v(11)?
1
Let v(b) = -b**2 + 4. Let i be v(0). Suppose -2*w = -3*z + 88, 2*z - i*w = -0*z + 64. Let a = -3 + z. What is the tens digit of a?
2
Suppose 26 = 4*k - 2*k. Let t = -13 + k. Let w(d) = d + 12. What is the tens digit of w(t)?
1
Let k be (-28)/(-6)*(-36)/(-14). Let d(v) = -v**2 + 8*v + 2. Let c be d(8). Suppose -5*h + 85 = -o, -k + 2 = c*o. What is the units digit of h?
6
Suppose 18 = 5*w - m, 3*w + 12 = 2*w - 5*m. Suppose 0 = -w*l + 56 + 238. Suppose -p + 3*p = l. What is the tens digit of p?
4
Suppose 7*i - 6*i = 2. Suppose -i*c = -7*c + 30. Suppose -2*z = -c*z + 136. What is the units digit of z?
4
Let w = -22 + 27. Suppose 198 - 63 = w*c. What is the tens digit of c?
2
Suppose 3*s - 2*r = -3*r + 12, 4*r + 4 = s. Suppose -2*y - l + 54 = -0*l, -4*l + 116 = s*y. What is the units digit of (y - 5) + -1 + 2?
1
Suppose -5*d + d = -4*r - 11708, 4*d = r + 11702. What is the thousands digit of d?
2
Suppose -10 = -10*t + 5*t. Suppose 216 = t*o + o. What is the tens digit of o?
7
Let u = 5 + 9. Suppose 3*h = 2*h - 3*m, -3*h - 2*m + u = 0. Let x = h - -63. What is the units digit of x?
9
Let a = -16 + 13. Let k be (a + 1)*1*-22. Suppose 3*b - 43 = k. What is the units digit of b?
9
Let k(a) = -7*a**2 + 9*a - 4. Let l(h) = 2*h**2 - 3*h + 1. Let p(y) = -3*k(y) - 8*l(y). Let n = 119 - 122. What is the units digit of p(n)?
8
Let o(m) = 829*m**2 - 3*m + 3. What is the hundreds digit of o(1)?
8
Let u be (-1)/(-2